{"id":847,"date":"2025-06-03T16:19:07","date_gmt":"2025-06-03T14:19:07","guid":{"rendered":"https:\/\/www.ukiritcg.com\/?post_type=product&#038;p=847"},"modified":"2025-10-29T11:48:48","modified_gmt":"2025-10-29T10:48:48","slug":"blister-pokemon-evolution-a-paldea-1-booster-ev02","status":"publish","type":"product","link":"https:\/\/www.ukiritcg.com\/index.php\/produit\/blister-pokemon-evolution-a-paldea-1-booster-ev02\/","title":{"rendered":"BLISTER POKEMON \u00c9VOLUTION \u00c0 PALDEA \u2013 1 BOOSTER \u2013 EV02"},"content":{"rendered":"<p>Retrouvez l\u2019univers de la 9e g\u00e9n\u00e9ration avec ce <strong data-start=\"196\" data-end=\"226\">blister \u00c9volution \u00e0 Paldea<\/strong> contenant <strong data-start=\"237\" data-end=\"272\">1 booster sous blister cartonn\u00e9<\/strong>, en <strong data-start=\"277\" data-end=\"298\" data-is-only-node=\"\">version fran\u00e7aise<\/strong>.<br data-start=\"299\" data-end=\"302\" \/>L\u2019<strong data-start=\"304\" data-end=\"351\">illustration est envoy\u00e9e de fa\u00e7on al\u00e9atoire<\/strong>.<br data-start=\"352\" data-end=\"355\" \/>Chaque booster contient <strong data-start=\"379\" data-end=\"392\">10 cartes<\/strong>, dont une carte brillante garantie.<br data-start=\"428\" data-end=\"431\" \/>En commandant <strong data-start=\"445\" data-end=\"457\">5 unit\u00e9s<\/strong>, un <strong data-start=\"462\" data-end=\"511\">art set complet (5 illustrations diff\u00e9rentes)<\/strong> vous est garanti (dans la limite des stocks disponibles).<\/p>\n","protected":false},"excerpt":{"rendered":"<p>Retrouvez l\u2019univers de la 9e g\u00e9n\u00e9ration avec ce blister \u00c9volution \u00e0 Paldea contenant 1 booster sous blister cartonn\u00e9, en version fran\u00e7aise.L\u2019illustration est envoy\u00e9e de fa\u00e7on al\u00e9atoire.Chaque booster contient 10 cartes, dont une carte brillante garantie.En commandant 5 unit\u00e9s, un art set complet (5 illustrations diff\u00e9rentes) vous est garanti (dans la limite des stocks disponibles).<\/p>\n","protected":false},"featured_media":848,"comment_status":"open","ping_status":"closed","template":"","meta":{"_kadence_starter_templates_imported_post":false,"_kad_post_transparent":"default","_kad_post_title":"","_kad_post_layout":"default","_kad_post_sidebar_id":"","_kad_post_content_style":"default","_kad_post_vertical_padding":"default","_kad_post_feature":"","_kad_post_feature_position":"","_kad_post_header":false,"_kad_post_footer":false},"product_brand":[],"product_cat":[18],"product_tag":[],"class_list":{"0":"post-847","1":"product","2":"type-product","3":"status-publish","4":"has-post-thumbnail","6":"product_cat-pokemon-francais","8":"first","9":"outofstock","10":"purchasable","11":"product-type-simple","12":"entry","13":"content-bg","14":"loop-entry"},"yoast_head":"<!-- This site is optimized with the Yoast SEO plugin v25.1 - https:\/\/yoast.com\/wordpress\/plugins\/seo\/ -->\n<title>BLISTER POKEMON \u00c9VOLUTION \u00c0 PALDEA \u2013 1 BOOSTER \u2013 EV02 - Ukiri<\/title>\n<meta name=\"robots\" content=\"index, follow, max-snippet:-1, max-image-preview:large, max-video-preview:-1\" \/>\n<link rel=\"canonical\" href=\"https:\/\/www.ukiritcg.com\/index.php\/produit\/blister-pokemon-evolution-a-paldea-1-booster-ev02\/\" \/>\n<meta property=\"og:locale\" content=\"en_US\" \/>\n<meta property=\"og:type\" content=\"article\" \/>\n<meta property=\"og:title\" content=\"BLISTER POKEMON \u00c9VOLUTION \u00c0 PALDEA \u2013 1 BOOSTER \u2013 EV02 - Ukiri\" \/>\n<meta property=\"og:description\" content=\"Retrouvez l\u2019univers de la 9e g\u00e9n\u00e9ration avec ce blister \u00c9volution \u00e0 Paldea contenant 1 booster sous blister cartonn\u00e9, en version fran\u00e7aise.L\u2019illustration est envoy\u00e9e de fa\u00e7on al\u00e9atoire.Chaque booster contient 10 cartes, dont une carte brillante garantie.En commandant 5 unit\u00e9s, un art set complet (5 illustrations diff\u00e9rentes) vous est garanti (dans la limite des stocks disponibles).\" \/>\n<meta property=\"og:url\" content=\"https:\/\/www.ukiritcg.com\/index.php\/produit\/blister-pokemon-evolution-a-paldea-1-booster-ev02\/\" \/>\n<meta property=\"og:site_name\" content=\"Ukiri\" \/>\n<meta property=\"article:modified_time\" content=\"2025-10-29T10:48:48+00:00\" \/>\n<meta property=\"og:image\" content=\"http:\/\/www.ukiritcg.com\/wp-content\/uploads\/2025\/06\/PIXEL-24.png\" \/>\n\t<meta property=\"og:image:width\" content=\"800\" \/>\n\t<meta property=\"og:image:height\" content=\"800\" \/>\n\t<meta property=\"og:image:type\" content=\"image\/png\" \/>\n<meta name=\"twitter:card\" content=\"summary_large_image\" \/>\n<meta name=\"twitter:label1\" content=\"Est. reading time\" \/>\n\t<meta name=\"twitter:data1\" content=\"1 minute\" \/>\n<script type=\"application\/ld+json\" class=\"yoast-schema-graph\">{\"@context\":\"https:\/\/schema.org\",\"@graph\":[{\"@type\":\"WebPage\",\"@id\":\"https:\/\/www.ukiritcg.com\/index.php\/produit\/blister-pokemon-evolution-a-paldea-1-booster-ev02\/\",\"url\":\"https:\/\/www.ukiritcg.com\/index.php\/produit\/blister-pokemon-evolution-a-paldea-1-booster-ev02\/\",\"name\":\"BLISTER POKEMON \u00c9VOLUTION \u00c0 PALDEA \u2013 1 BOOSTER \u2013 EV02 - Ukiri\",\"isPartOf\":{\"@id\":\"https:\/\/www.ukiritcg.com\/#website\"},\"primaryImageOfPage\":{\"@id\":\"https:\/\/www.ukiritcg.com\/index.php\/produit\/blister-pokemon-evolution-a-paldea-1-booster-ev02\/#primaryimage\"},\"image\":{\"@id\":\"https:\/\/www.ukiritcg.com\/index.php\/produit\/blister-pokemon-evolution-a-paldea-1-booster-ev02\/#primaryimage\"},\"thumbnailUrl\":\"https:\/\/www.ukiritcg.com\/wp-content\/uploads\/2025\/06\/PIXEL-24.png\",\"datePublished\":\"2025-06-03T14:19:07+00:00\",\"dateModified\":\"2025-10-29T10:48:48+00:00\",\"breadcrumb\":{\"@id\":\"https:\/\/www.ukiritcg.com\/index.php\/produit\/blister-pokemon-evolution-a-paldea-1-booster-ev02\/#breadcrumb\"},\"inLanguage\":\"en-US\",\"potentialAction\":[{\"@type\":\"ReadAction\",\"target\":[\"https:\/\/www.ukiritcg.com\/index.php\/produit\/blister-pokemon-evolution-a-paldea-1-booster-ev02\/\"]}]},{\"@type\":\"ImageObject\",\"inLanguage\":\"en-US\",\"@id\":\"https:\/\/www.ukiritcg.com\/index.php\/produit\/blister-pokemon-evolution-a-paldea-1-booster-ev02\/#primaryimage\",\"url\":\"https:\/\/www.ukiritcg.com\/wp-content\/uploads\/2025\/06\/PIXEL-24.png\",\"contentUrl\":\"https:\/\/www.ukiritcg.com\/wp-content\/uploads\/2025\/06\/PIXEL-24.png\",\"width\":800,\"height\":800},{\"@type\":\"BreadcrumbList\",\"@id\":\"https:\/\/www.ukiritcg.com\/index.php\/produit\/blister-pokemon-evolution-a-paldea-1-booster-ev02\/#breadcrumb\",\"itemListElement\":[{\"@type\":\"ListItem\",\"position\":1,\"name\":\"Accueil\",\"item\":\"https:\/\/www.ukiritcg.com\/\"},{\"@type\":\"ListItem\",\"position\":2,\"name\":\"Boutique\",\"item\":\"https:\/\/www.ukiritcg.com\/index.php\/boutique\/\"},{\"@type\":\"ListItem\",\"position\":3,\"name\":\"BLISTER POKEMON \u00c9VOLUTION \u00c0 PALDEA \u2013 1 BOOSTER \u2013 EV02\"}]},{\"@type\":\"WebSite\",\"@id\":\"https:\/\/www.ukiritcg.com\/#website\",\"url\":\"https:\/\/www.ukiritcg.com\/\",\"name\":\"Ukiri\",\"description\":\"Un site utilisant WordPress\",\"publisher\":{\"@id\":\"https:\/\/www.ukiritcg.com\/#organization\"},\"potentialAction\":[{\"@type\":\"SearchAction\",\"target\":{\"@type\":\"EntryPoint\",\"urlTemplate\":\"https:\/\/www.ukiritcg.com\/?s={search_term_string}\"},\"query-input\":{\"@type\":\"PropertyValueSpecification\",\"valueRequired\":true,\"valueName\":\"search_term_string\"}}],\"inLanguage\":\"en-US\"},{\"@type\":\"Organization\",\"@id\":\"https:\/\/www.ukiritcg.com\/#organization\",\"name\":\"Ukiri\",\"url\":\"https:\/\/www.ukiritcg.com\/\",\"logo\":{\"@type\":\"ImageObject\",\"inLanguage\":\"en-US\",\"@id\":\"https:\/\/www.ukiritcg.com\/#\/schema\/logo\/image\/\",\"url\":\"https:\/\/www.ukiritcg.com\/wp-content\/uploads\/2025\/05\/cropped-494356865_4342732035873245_4547235673068364322_n-removebg-preview.png\",\"contentUrl\":\"https:\/\/www.ukiritcg.com\/wp-content\/uploads\/2025\/05\/cropped-494356865_4342732035873245_4547235673068364322_n-removebg-preview.png\",\"width\":499,\"height\":499,\"caption\":\"Ukiri\"},\"image\":{\"@id\":\"https:\/\/www.ukiritcg.com\/#\/schema\/logo\/image\/\"}}]}<\/script>\n<!-- \/ Yoast SEO plugin. -->","yoast_head_json":{"title":"BLISTER POKEMON \u00c9VOLUTION \u00c0 PALDEA \u2013 1 BOOSTER \u2013 EV02 - Ukiri","robots":{"index":"index","follow":"follow","max-snippet":"max-snippet:-1","max-image-preview":"max-image-preview:large","max-video-preview":"max-video-preview:-1"},"canonical":"https:\/\/www.ukiritcg.com\/index.php\/produit\/blister-pokemon-evolution-a-paldea-1-booster-ev02\/","og_locale":"en_US","og_type":"article","og_title":"BLISTER POKEMON \u00c9VOLUTION \u00c0 PALDEA \u2013 1 BOOSTER \u2013 EV02 - Ukiri","og_description":"Retrouvez l\u2019univers de la 9e g\u00e9n\u00e9ration avec ce blister \u00c9volution \u00e0 Paldea contenant 1 booster sous blister cartonn\u00e9, en version fran\u00e7aise.L\u2019illustration est envoy\u00e9e de fa\u00e7on al\u00e9atoire.Chaque booster contient 10 cartes, dont une carte brillante garantie.En commandant 5 unit\u00e9s, un art set complet (5 illustrations diff\u00e9rentes) vous est garanti (dans la limite des stocks disponibles).","og_url":"https:\/\/www.ukiritcg.com\/index.php\/produit\/blister-pokemon-evolution-a-paldea-1-booster-ev02\/","og_site_name":"Ukiri","article_modified_time":"2025-10-29T10:48:48+00:00","og_image":[{"width":800,"height":800,"url":"http:\/\/www.ukiritcg.com\/wp-content\/uploads\/2025\/06\/PIXEL-24.png","type":"image\/png"}],"twitter_card":"summary_large_image","twitter_misc":{"Est. reading time":"1 minute"},"schema":{"@context":"https:\/\/schema.org","@graph":[{"@type":"WebPage","@id":"https:\/\/www.ukiritcg.com\/index.php\/produit\/blister-pokemon-evolution-a-paldea-1-booster-ev02\/","url":"https:\/\/www.ukiritcg.com\/index.php\/produit\/blister-pokemon-evolution-a-paldea-1-booster-ev02\/","name":"BLISTER POKEMON \u00c9VOLUTION \u00c0 PALDEA \u2013 1 BOOSTER \u2013 EV02 - Ukiri","isPartOf":{"@id":"https:\/\/www.ukiritcg.com\/#website"},"primaryImageOfPage":{"@id":"https:\/\/www.ukiritcg.com\/index.php\/produit\/blister-pokemon-evolution-a-paldea-1-booster-ev02\/#primaryimage"},"image":{"@id":"https:\/\/www.ukiritcg.com\/index.php\/produit\/blister-pokemon-evolution-a-paldea-1-booster-ev02\/#primaryimage"},"thumbnailUrl":"https:\/\/www.ukiritcg.com\/wp-content\/uploads\/2025\/06\/PIXEL-24.png","datePublished":"2025-06-03T14:19:07+00:00","dateModified":"2025-10-29T10:48:48+00:00","breadcrumb":{"@id":"https:\/\/www.ukiritcg.com\/index.php\/produit\/blister-pokemon-evolution-a-paldea-1-booster-ev02\/#breadcrumb"},"inLanguage":"en-US","potentialAction":[{"@type":"ReadAction","target":["https:\/\/www.ukiritcg.com\/index.php\/produit\/blister-pokemon-evolution-a-paldea-1-booster-ev02\/"]}]},{"@type":"ImageObject","inLanguage":"en-US","@id":"https:\/\/www.ukiritcg.com\/index.php\/produit\/blister-pokemon-evolution-a-paldea-1-booster-ev02\/#primaryimage","url":"https:\/\/www.ukiritcg.com\/wp-content\/uploads\/2025\/06\/PIXEL-24.png","contentUrl":"https:\/\/www.ukiritcg.com\/wp-content\/uploads\/2025\/06\/PIXEL-24.png","width":800,"height":800},{"@type":"BreadcrumbList","@id":"https:\/\/www.ukiritcg.com\/index.php\/produit\/blister-pokemon-evolution-a-paldea-1-booster-ev02\/#breadcrumb","itemListElement":[{"@type":"ListItem","position":1,"name":"Accueil","item":"https:\/\/www.ukiritcg.com\/"},{"@type":"ListItem","position":2,"name":"Boutique","item":"https:\/\/www.ukiritcg.com\/index.php\/boutique\/"},{"@type":"ListItem","position":3,"name":"BLISTER POKEMON \u00c9VOLUTION \u00c0 PALDEA \u2013 1 BOOSTER \u2013 EV02"}]},{"@type":"WebSite","@id":"https:\/\/www.ukiritcg.com\/#website","url":"https:\/\/www.ukiritcg.com\/","name":"Ukiri","description":"Un site utilisant WordPress","publisher":{"@id":"https:\/\/www.ukiritcg.com\/#organization"},"potentialAction":[{"@type":"SearchAction","target":{"@type":"EntryPoint","urlTemplate":"https:\/\/www.ukiritcg.com\/?s={search_term_string}"},"query-input":{"@type":"PropertyValueSpecification","valueRequired":true,"valueName":"search_term_string"}}],"inLanguage":"en-US"},{"@type":"Organization","@id":"https:\/\/www.ukiritcg.com\/#organization","name":"Ukiri","url":"https:\/\/www.ukiritcg.com\/","logo":{"@type":"ImageObject","inLanguage":"en-US","@id":"https:\/\/www.ukiritcg.com\/#\/schema\/logo\/image\/","url":"https:\/\/www.ukiritcg.com\/wp-content\/uploads\/2025\/05\/cropped-494356865_4342732035873245_4547235673068364322_n-removebg-preview.png","contentUrl":"https:\/\/www.ukiritcg.com\/wp-content\/uploads\/2025\/05\/cropped-494356865_4342732035873245_4547235673068364322_n-removebg-preview.png","width":499,"height":499,"caption":"Ukiri"},"image":{"@id":"https:\/\/www.ukiritcg.com\/#\/schema\/logo\/image\/"}}]}},"jetpack_sharing_enabled":true,"_links":{"self":[{"href":"https:\/\/www.ukiritcg.com\/index.php\/wp-json\/wp\/v2\/product\/847","targetHints":{"allow":["GET"]}}],"collection":[{"href":"https:\/\/www.ukiritcg.com\/index.php\/wp-json\/wp\/v2\/product"}],"about":[{"href":"https:\/\/www.ukiritcg.com\/index.php\/wp-json\/wp\/v2\/types\/product"}],"replies":[{"embeddable":true,"href":"https:\/\/www.ukiritcg.com\/index.php\/wp-json\/wp\/v2\/comments?post=847"}],"wp:featuredmedia":[{"embeddable":true,"href":"https:\/\/www.ukiritcg.com\/index.php\/wp-json\/wp\/v2\/media\/848"}],"wp:attachment":[{"href":"https:\/\/www.ukiritcg.com\/index.php\/wp-json\/wp\/v2\/media?parent=847"}],"wp:term":[{"taxonomy":"product_brand","embeddable":true,"href":"https:\/\/www.ukiritcg.com\/index.php\/wp-json\/wp\/v2\/product_brand?post=847"},{"taxonomy":"product_cat","embeddable":true,"href":"https:\/\/www.ukiritcg.com\/index.php\/wp-json\/wp\/v2\/product_cat?post=847"},{"taxonomy":"product_tag","embeddable":true,"href":"https:\/\/www.ukiritcg.com\/index.php\/wp-json\/wp\/v2\/product_tag?post=847"}],"curies":[{"name":"wp","href":"https:\/\/api.w.org\/{rel}","templated":true}]}}