{"id":1288,"date":"2025-08-02T18:28:50","date_gmt":"2025-08-02T16:28:50","guid":{"rendered":"https:\/\/www.ukiritcg.com\/?post_type=product&#038;p=1288"},"modified":"2025-08-03T14:26:13","modified_gmt":"2025-08-03T12:26:13","slug":"premium-trainer-box-mega-jpn-20-boosters-accessoires","status":"publish","type":"product","link":"https:\/\/www.ukiritcg.com\/index.php\/produit\/premium-trainer-box-mega-jpn-20-boosters-accessoires\/","title":{"rendered":"Premium Trainer Box MEGA JPN \u2013 20 boosters + accessoires"},"content":{"rendered":"<h3 data-start=\"112\" data-end=\"173\">\ud83d\udee1\ufe0f <strong data-start=\"120\" data-end=\"173\">Premium Trainer Box MEGA \u2013 Version Japonaise \ud83c\uddef\ud83c\uddf5<\/strong><\/h3>\n<p data-start=\"175\" data-end=\"497\">D\u00e9couvrez la <strong data-start=\"188\" data-end=\"216\">Premium Trainer Box MEGA<\/strong>, un coffret collector ultra complet, id\u00e9al pour les joueurs comme les collectionneurs.<br data-start=\"303\" data-end=\"306\" \/>Directement import\u00e9e du Japon, cette box contient <strong data-start=\"356\" data-end=\"371\">20 boosters<\/strong> (10 Mega Brave + 10 Mega Symphonia), ainsi qu\u2019un large choix de cartes fixes, d\u2019\u00e9nergies, d\u2019accessoires et de pi\u00e8ces premium.<\/p>\n<hr data-start=\"499\" data-end=\"502\" \/>\n<h3 data-start=\"504\" data-end=\"534\">\ud83d\udce6 <strong data-start=\"511\" data-end=\"534\">Contenu de la box :<\/strong><\/h3>\n<ul data-start=\"535\" data-end=\"897\">\n<li data-start=\"535\" data-end=\"565\">\n<p data-start=\"537\" data-end=\"565\">10 boosters <strong data-start=\"549\" data-end=\"563\">Mega Brave<\/strong><\/p>\n<\/li>\n<li data-start=\"566\" data-end=\"600\">\n<p data-start=\"568\" data-end=\"600\">10 boosters <strong data-start=\"580\" data-end=\"598\">Mega Symphonia<\/strong><\/p>\n<\/li>\n<li data-start=\"601\" data-end=\"666\">\n<p data-start=\"603\" data-end=\"666\">172 cartes fixes (Pok\u00e9mon, Dresseurs, \u00c9nergies, Cartes Promo)<\/p>\n<\/li>\n<li data-start=\"667\" data-end=\"719\">\n<p data-start=\"669\" data-end=\"719\">96 \u00e9nergies de base avec nouvelles illustrations<\/p>\n<\/li>\n<li data-start=\"720\" data-end=\"760\">\n<p data-start=\"722\" data-end=\"760\">1 bo\u00eete de rangement design exclusif<\/p>\n<\/li>\n<li data-start=\"761\" data-end=\"787\">\n<p data-start=\"763\" data-end=\"787\">1 pi\u00e8ce Pok\u00e9mon (coin)<\/p>\n<\/li>\n<li data-start=\"788\" data-end=\"853\">\n<p data-start=\"790\" data-end=\"853\">Marqueurs premium en acrylique (10\/50\/100) + marqueurs d\u2019\u00e9tat<\/p>\n<\/li>\n<li data-start=\"854\" data-end=\"897\">\n<p data-start=\"856\" data-end=\"897\">1 bo\u00eetier de rangement pour les marqueurs<\/p>\n<\/li>\n<\/ul>\n<hr data-start=\"899\" data-end=\"902\" \/>\n<h3 data-start=\"904\" data-end=\"938\">\ud83d\ude9a <strong data-start=\"911\" data-end=\"938\">Livraison &amp; avantages :<\/strong><\/h3>\n<ul data-start=\"939\" data-end=\"1165\">\n<li data-start=\"939\" data-end=\"993\">\n<p data-start=\"941\" data-end=\"993\">\u2705 Produit <strong data-start=\"951\" data-end=\"991\">officiel Pok\u00e9mon \u2013 version japonaise<\/strong><\/p>\n<\/li>\n<li data-start=\"994\" data-end=\"1055\">\n<p data-start=\"996\" data-end=\"1055\">\ud83c\uddeb\ud83c\uddf7 <strong data-start=\"1001\" data-end=\"1029\">Exp\u00e9di\u00e9 depuis la France<\/strong> \u2192 <strong data-start=\"1032\" data-end=\"1053\">0 douane garantie<\/strong><\/p>\n<\/li>\n<li data-start=\"1056\" data-end=\"1097\">\n<p data-start=\"1058\" data-end=\"1097\">\ud83d\udd12 Produit <strong data-start=\"1069\" data-end=\"1095\">neuf et scell\u00e9 d\u2019usine<\/strong><\/p>\n<\/li>\n<\/ul>\n","protected":false},"excerpt":{"rendered":"<p>\ud83d\udee1\ufe0f Premium Trainer Box MEGA \u2013 Version Japonaise \ud83c\uddef\ud83c\uddf5 D\u00e9couvrez la Premium Trainer Box MEGA, un coffret collector ultra complet, id\u00e9al pour les joueurs comme les collectionneurs.Directement import\u00e9e du Japon, cette box contient 20 boosters (10 Mega Brave + 10 Mega Symphonia), ainsi qu\u2019un large choix de cartes fixes, d\u2019\u00e9nergies, d\u2019accessoires et de pi\u00e8ces premium&#8230;.<\/p>\n","protected":false},"featured_media":1290,"comment_status":"open","ping_status":"closed","template":"","meta":{"_kadence_starter_templates_imported_post":false,"_kad_post_transparent":"default","_kad_post_title":"","_kad_post_layout":"default","_kad_post_sidebar_id":"","_kad_post_content_style":"default","_kad_post_vertical_padding":"default","_kad_post_feature":"","_kad_post_feature_position":"","_kad_post_header":false,"_kad_post_footer":false},"product_brand":[],"product_cat":[24,17],"product_tag":[],"class_list":{"0":"post-1288","1":"product","2":"type-product","3":"status-publish","4":"has-post-thumbnail","6":"product_cat-nouvel-arrivage","7":"product_cat-pokemon-japonais","9":"first","10":"instock","11":"sale","12":"taxable","13":"shipping-taxable","14":"purchasable","15":"product-type-simple","16":"entry","17":"content-bg","18":"loop-entry"},"yoast_head":"<!-- This site is optimized with the Yoast SEO plugin v25.1 - https:\/\/yoast.com\/wordpress\/plugins\/seo\/ -->\n<title>Premium Trainer Box MEGA JPN \u2013 20 boosters + accessoires - Ukiri<\/title>\n<meta name=\"robots\" content=\"index, follow, max-snippet:-1, max-image-preview:large, max-video-preview:-1\" \/>\n<link rel=\"canonical\" href=\"https:\/\/www.ukiritcg.com\/index.php\/produit\/premium-trainer-box-mega-jpn-20-boosters-accessoires\/\" \/>\n<meta property=\"og:locale\" content=\"en_US\" \/>\n<meta property=\"og:type\" content=\"article\" \/>\n<meta property=\"og:title\" content=\"Premium Trainer Box MEGA JPN \u2013 20 boosters + accessoires - Ukiri\" \/>\n<meta property=\"og:description\" content=\"\ud83d\udee1\ufe0f Premium Trainer Box MEGA \u2013 Version Japonaise \ud83c\uddef\ud83c\uddf5 D\u00e9couvrez la Premium Trainer Box MEGA, un coffret collector ultra complet, id\u00e9al pour les joueurs comme les collectionneurs.Directement import\u00e9e du Japon, cette box contient 20 boosters (10 Mega Brave + 10 Mega Symphonia), ainsi qu\u2019un large choix de cartes fixes, d\u2019\u00e9nergies, d\u2019accessoires et de pi\u00e8ces premium....\" \/>\n<meta property=\"og:url\" content=\"https:\/\/www.ukiritcg.com\/index.php\/produit\/premium-trainer-box-mega-jpn-20-boosters-accessoires\/\" \/>\n<meta property=\"og:site_name\" content=\"Ukiri\" \/>\n<meta property=\"article:modified_time\" content=\"2025-08-03T12:26:13+00:00\" \/>\n<meta property=\"og:image\" content=\"http:\/\/www.ukiritcg.com\/wp-content\/uploads\/2025\/08\/PIXEL-45.png\" \/>\n\t<meta property=\"og:image:width\" content=\"800\" \/>\n\t<meta property=\"og:image:height\" content=\"800\" \/>\n\t<meta property=\"og:image:type\" content=\"image\/png\" \/>\n<meta name=\"twitter:card\" content=\"summary_large_image\" \/>\n<meta name=\"twitter:label1\" content=\"Est. reading time\" \/>\n\t<meta name=\"twitter:data1\" content=\"1 minute\" \/>\n<script type=\"application\/ld+json\" class=\"yoast-schema-graph\">{\"@context\":\"https:\/\/schema.org\",\"@graph\":[{\"@type\":\"WebPage\",\"@id\":\"https:\/\/www.ukiritcg.com\/index.php\/produit\/premium-trainer-box-mega-jpn-20-boosters-accessoires\/\",\"url\":\"https:\/\/www.ukiritcg.com\/index.php\/produit\/premium-trainer-box-mega-jpn-20-boosters-accessoires\/\",\"name\":\"Premium Trainer Box MEGA JPN \u2013 20 boosters + accessoires - Ukiri\",\"isPartOf\":{\"@id\":\"https:\/\/www.ukiritcg.com\/#website\"},\"primaryImageOfPage\":{\"@id\":\"https:\/\/www.ukiritcg.com\/index.php\/produit\/premium-trainer-box-mega-jpn-20-boosters-accessoires\/#primaryimage\"},\"image\":{\"@id\":\"https:\/\/www.ukiritcg.com\/index.php\/produit\/premium-trainer-box-mega-jpn-20-boosters-accessoires\/#primaryimage\"},\"thumbnailUrl\":\"https:\/\/www.ukiritcg.com\/wp-content\/uploads\/2025\/08\/PIXEL-45.png\",\"datePublished\":\"2025-08-02T16:28:50+00:00\",\"dateModified\":\"2025-08-03T12:26:13+00:00\",\"breadcrumb\":{\"@id\":\"https:\/\/www.ukiritcg.com\/index.php\/produit\/premium-trainer-box-mega-jpn-20-boosters-accessoires\/#breadcrumb\"},\"inLanguage\":\"en-US\",\"potentialAction\":[{\"@type\":\"ReadAction\",\"target\":[\"https:\/\/www.ukiritcg.com\/index.php\/produit\/premium-trainer-box-mega-jpn-20-boosters-accessoires\/\"]}]},{\"@type\":\"ImageObject\",\"inLanguage\":\"en-US\",\"@id\":\"https:\/\/www.ukiritcg.com\/index.php\/produit\/premium-trainer-box-mega-jpn-20-boosters-accessoires\/#primaryimage\",\"url\":\"https:\/\/www.ukiritcg.com\/wp-content\/uploads\/2025\/08\/PIXEL-45.png\",\"contentUrl\":\"https:\/\/www.ukiritcg.com\/wp-content\/uploads\/2025\/08\/PIXEL-45.png\",\"width\":800,\"height\":800},{\"@type\":\"BreadcrumbList\",\"@id\":\"https:\/\/www.ukiritcg.com\/index.php\/produit\/premium-trainer-box-mega-jpn-20-boosters-accessoires\/#breadcrumb\",\"itemListElement\":[{\"@type\":\"ListItem\",\"position\":1,\"name\":\"Accueil\",\"item\":\"https:\/\/www.ukiritcg.com\/\"},{\"@type\":\"ListItem\",\"position\":2,\"name\":\"Boutique\",\"item\":\"https:\/\/www.ukiritcg.com\/index.php\/boutique\/\"},{\"@type\":\"ListItem\",\"position\":3,\"name\":\"Premium Trainer Box MEGA JPN \u2013 20 boosters + accessoires\"}]},{\"@type\":\"WebSite\",\"@id\":\"https:\/\/www.ukiritcg.com\/#website\",\"url\":\"https:\/\/www.ukiritcg.com\/\",\"name\":\"Ukiri\",\"description\":\"Un site utilisant WordPress\",\"publisher\":{\"@id\":\"https:\/\/www.ukiritcg.com\/#organization\"},\"potentialAction\":[{\"@type\":\"SearchAction\",\"target\":{\"@type\":\"EntryPoint\",\"urlTemplate\":\"https:\/\/www.ukiritcg.com\/?s={search_term_string}\"},\"query-input\":{\"@type\":\"PropertyValueSpecification\",\"valueRequired\":true,\"valueName\":\"search_term_string\"}}],\"inLanguage\":\"en-US\"},{\"@type\":\"Organization\",\"@id\":\"https:\/\/www.ukiritcg.com\/#organization\",\"name\":\"Ukiri\",\"url\":\"https:\/\/www.ukiritcg.com\/\",\"logo\":{\"@type\":\"ImageObject\",\"inLanguage\":\"en-US\",\"@id\":\"https:\/\/www.ukiritcg.com\/#\/schema\/logo\/image\/\",\"url\":\"https:\/\/www.ukiritcg.com\/wp-content\/uploads\/2025\/05\/cropped-494356865_4342732035873245_4547235673068364322_n-removebg-preview.png\",\"contentUrl\":\"https:\/\/www.ukiritcg.com\/wp-content\/uploads\/2025\/05\/cropped-494356865_4342732035873245_4547235673068364322_n-removebg-preview.png\",\"width\":499,\"height\":499,\"caption\":\"Ukiri\"},\"image\":{\"@id\":\"https:\/\/www.ukiritcg.com\/#\/schema\/logo\/image\/\"}}]}<\/script>\n<!-- \/ Yoast SEO plugin. -->","yoast_head_json":{"title":"Premium Trainer Box MEGA JPN \u2013 20 boosters + accessoires - Ukiri","robots":{"index":"index","follow":"follow","max-snippet":"max-snippet:-1","max-image-preview":"max-image-preview:large","max-video-preview":"max-video-preview:-1"},"canonical":"https:\/\/www.ukiritcg.com\/index.php\/produit\/premium-trainer-box-mega-jpn-20-boosters-accessoires\/","og_locale":"en_US","og_type":"article","og_title":"Premium Trainer Box MEGA JPN \u2013 20 boosters + accessoires - Ukiri","og_description":"\ud83d\udee1\ufe0f Premium Trainer Box MEGA \u2013 Version Japonaise \ud83c\uddef\ud83c\uddf5 D\u00e9couvrez la Premium Trainer Box MEGA, un coffret collector ultra complet, id\u00e9al pour les joueurs comme les collectionneurs.Directement import\u00e9e du Japon, cette box contient 20 boosters (10 Mega Brave + 10 Mega Symphonia), ainsi qu\u2019un large choix de cartes fixes, d\u2019\u00e9nergies, d\u2019accessoires et de pi\u00e8ces premium....","og_url":"https:\/\/www.ukiritcg.com\/index.php\/produit\/premium-trainer-box-mega-jpn-20-boosters-accessoires\/","og_site_name":"Ukiri","article_modified_time":"2025-08-03T12:26:13+00:00","og_image":[{"width":800,"height":800,"url":"http:\/\/www.ukiritcg.com\/wp-content\/uploads\/2025\/08\/PIXEL-45.png","type":"image\/png"}],"twitter_card":"summary_large_image","twitter_misc":{"Est. reading time":"1 minute"},"schema":{"@context":"https:\/\/schema.org","@graph":[{"@type":"WebPage","@id":"https:\/\/www.ukiritcg.com\/index.php\/produit\/premium-trainer-box-mega-jpn-20-boosters-accessoires\/","url":"https:\/\/www.ukiritcg.com\/index.php\/produit\/premium-trainer-box-mega-jpn-20-boosters-accessoires\/","name":"Premium Trainer Box MEGA JPN \u2013 20 boosters + accessoires - Ukiri","isPartOf":{"@id":"https:\/\/www.ukiritcg.com\/#website"},"primaryImageOfPage":{"@id":"https:\/\/www.ukiritcg.com\/index.php\/produit\/premium-trainer-box-mega-jpn-20-boosters-accessoires\/#primaryimage"},"image":{"@id":"https:\/\/www.ukiritcg.com\/index.php\/produit\/premium-trainer-box-mega-jpn-20-boosters-accessoires\/#primaryimage"},"thumbnailUrl":"https:\/\/www.ukiritcg.com\/wp-content\/uploads\/2025\/08\/PIXEL-45.png","datePublished":"2025-08-02T16:28:50+00:00","dateModified":"2025-08-03T12:26:13+00:00","breadcrumb":{"@id":"https:\/\/www.ukiritcg.com\/index.php\/produit\/premium-trainer-box-mega-jpn-20-boosters-accessoires\/#breadcrumb"},"inLanguage":"en-US","potentialAction":[{"@type":"ReadAction","target":["https:\/\/www.ukiritcg.com\/index.php\/produit\/premium-trainer-box-mega-jpn-20-boosters-accessoires\/"]}]},{"@type":"ImageObject","inLanguage":"en-US","@id":"https:\/\/www.ukiritcg.com\/index.php\/produit\/premium-trainer-box-mega-jpn-20-boosters-accessoires\/#primaryimage","url":"https:\/\/www.ukiritcg.com\/wp-content\/uploads\/2025\/08\/PIXEL-45.png","contentUrl":"https:\/\/www.ukiritcg.com\/wp-content\/uploads\/2025\/08\/PIXEL-45.png","width":800,"height":800},{"@type":"BreadcrumbList","@id":"https:\/\/www.ukiritcg.com\/index.php\/produit\/premium-trainer-box-mega-jpn-20-boosters-accessoires\/#breadcrumb","itemListElement":[{"@type":"ListItem","position":1,"name":"Accueil","item":"https:\/\/www.ukiritcg.com\/"},{"@type":"ListItem","position":2,"name":"Boutique","item":"https:\/\/www.ukiritcg.com\/index.php\/boutique\/"},{"@type":"ListItem","position":3,"name":"Premium Trainer Box MEGA JPN \u2013 20 boosters + accessoires"}]},{"@type":"WebSite","@id":"https:\/\/www.ukiritcg.com\/#website","url":"https:\/\/www.ukiritcg.com\/","name":"Ukiri","description":"Un site utilisant WordPress","publisher":{"@id":"https:\/\/www.ukiritcg.com\/#organization"},"potentialAction":[{"@type":"SearchAction","target":{"@type":"EntryPoint","urlTemplate":"https:\/\/www.ukiritcg.com\/?s={search_term_string}"},"query-input":{"@type":"PropertyValueSpecification","valueRequired":true,"valueName":"search_term_string"}}],"inLanguage":"en-US"},{"@type":"Organization","@id":"https:\/\/www.ukiritcg.com\/#organization","name":"Ukiri","url":"https:\/\/www.ukiritcg.com\/","logo":{"@type":"ImageObject","inLanguage":"en-US","@id":"https:\/\/www.ukiritcg.com\/#\/schema\/logo\/image\/","url":"https:\/\/www.ukiritcg.com\/wp-content\/uploads\/2025\/05\/cropped-494356865_4342732035873245_4547235673068364322_n-removebg-preview.png","contentUrl":"https:\/\/www.ukiritcg.com\/wp-content\/uploads\/2025\/05\/cropped-494356865_4342732035873245_4547235673068364322_n-removebg-preview.png","width":499,"height":499,"caption":"Ukiri"},"image":{"@id":"https:\/\/www.ukiritcg.com\/#\/schema\/logo\/image\/"}}]}},"jetpack_sharing_enabled":true,"_links":{"self":[{"href":"https:\/\/www.ukiritcg.com\/index.php\/wp-json\/wp\/v2\/product\/1288","targetHints":{"allow":["GET"]}}],"collection":[{"href":"https:\/\/www.ukiritcg.com\/index.php\/wp-json\/wp\/v2\/product"}],"about":[{"href":"https:\/\/www.ukiritcg.com\/index.php\/wp-json\/wp\/v2\/types\/product"}],"replies":[{"embeddable":true,"href":"https:\/\/www.ukiritcg.com\/index.php\/wp-json\/wp\/v2\/comments?post=1288"}],"wp:featuredmedia":[{"embeddable":true,"href":"https:\/\/www.ukiritcg.com\/index.php\/wp-json\/wp\/v2\/media\/1290"}],"wp:attachment":[{"href":"https:\/\/www.ukiritcg.com\/index.php\/wp-json\/wp\/v2\/media?parent=1288"}],"wp:term":[{"taxonomy":"product_brand","embeddable":true,"href":"https:\/\/www.ukiritcg.com\/index.php\/wp-json\/wp\/v2\/product_brand?post=1288"},{"taxonomy":"product_cat","embeddable":true,"href":"https:\/\/www.ukiritcg.com\/index.php\/wp-json\/wp\/v2\/product_cat?post=1288"},{"taxonomy":"product_tag","embeddable":true,"href":"https:\/\/www.ukiritcg.com\/index.php\/wp-json\/wp\/v2\/product_tag?post=1288"}],"curies":[{"name":"wp","href":"https:\/\/api.w.org\/{rel}","templated":true}]}}