{"id":954,"date":"2025-06-05T16:44:23","date_gmt":"2025-06-05T14:44:23","guid":{"rendered":"https:\/\/www.ukiritcg.com\/?page_id=954"},"modified":"2025-08-05T14:14:52","modified_gmt":"2025-08-05T12:14:52","slug":"mentions-legales","status":"publish","type":"page","link":"https:\/\/www.ukiritcg.com\/index.php\/mentions-legales\/","title":{"rendered":"Mentions l\u00e9gales"},"content":{"rendered":"<p class=\"has-theme-palette-3-color has-text-color has-link-color wp-elements-e6545061e897d521413fd4b1d875d4ba\">\u00c9diteur du site :<br>Ukiri<br>Entreprise individuelle \u2013 Auto-entrepreneur<br>Nom : Wail Chabane<br>SIREN : 934 941 634<br>Adresse : 42150 La Ricamarie, France<br>Email : contact@ukiri-distribution.fr<\/p><p class=\"has-theme-palette-3-color has-text-color has-link-color wp-elements-daab46552d149f2855b476b32f1339f9\">Responsable de la publication :<br>Wail Chabane<\/p><p class=\"has-theme-palette-3-color has-text-color has-link-color wp-elements-d50e8d3beb1a56008d005ecf3cbdc703\">H\u00e9bergement du site :<br>OVH SAS<br>2 rue Kellermann \u2013 59100 Roubaix \u2013 France<br>Site : www.ovh.com<\/p><p class=\"has-theme-palette-3-color has-text-color has-link-color wp-elements-09a628b16674886967e60df4d480637e\">Propri\u00e9t\u00e9 intellectuelle :<br>L\u2019ensemble des \u00e9l\u00e9ments pr\u00e9sents sur le site www.ukiritcg.com (textes, images, vid\u00e9os, logo, design, nom de marque\u2026) est la propri\u00e9t\u00e9 exclusive de Ukiri.<br>Toute reproduction, diffusion ou utilisation sans autorisation pr\u00e9alable est strictement interdite.<\/p><p class=\"has-theme-palette-3-color has-text-color has-link-color wp-elements-9c594bf1ebd1aca8499c8dfdb3f70cbe\">Conditions G\u00e9n\u00e9rales de Vente (CGV) :<br>Les CGV sont disponibles ici : <a href=\"https:\/\/www.ukiritcg.com\/index.php\/nos-cgv\/\">https:\/\/www.ukiritcg.com\/index.php\/nos-cgv\/<\/a><\/p><p class=\"has-theme-palette-3-color has-text-color has-link-color wp-elements-25b8c3c165f29a15e66b3c70c11158a2\">\u26a0\ufe0f Aucun retour ni remboursement ne sera accept\u00e9. Toutes les pr\u00e9commandes sont fermes, d\u00e9finitives et non annulables.<\/p><p class=\"has-theme-palette-3-color has-text-color has-link-color wp-elements-58241c19c6f9d12f159d027081e31e6e\">Protection des donn\u00e9es personnelles :<br>Ukiri collecte uniquement les donn\u00e9es n\u00e9cessaires au traitement des commandes et \u00e0 la relation client.<br>Ces donn\u00e9es ne sont en aucun cas cas <strong>vendues, partag\u00e9es ou c\u00e9d\u00e9es \u00e0 des tiers<\/strong>, sauf obligation l\u00e9gale.<\/p><p class=\"has-theme-palette-3-color has-text-color has-link-color wp-elements-8592d89ea3fb068f944931d39b5644d2\">Conform\u00e9ment au R\u00e8glement G\u00e9n\u00e9ral sur la Protection des Donn\u00e9es (RGPD), vous disposez d\u2019un droit d\u2019acc\u00e8s, de rectification, de suppression et d\u2019opposition aux donn\u00e9es vous concernant.<br>Pour exercer ce droit, veuillez envoyer un email \u00e0 : <strong><a>ukiritcg@gmail.com<\/a><\/strong><\/p><p><\/p>","protected":false},"excerpt":{"rendered":"<p>\u00c9diteur du site :UkiriEntreprise individuelle \u2013 Auto-entrepreneurNom : Wail ChabaneSIREN : 934 941 634Adresse : 42150 La Ricamarie, FranceEmail : contact@ukiri-distribution.fr Responsable de la publication :Wail Chabane H\u00e9bergement du site :OVH SAS2 rue Kellermann \u2013 59100 Roubaix \u2013 FranceSite : www.ovh.com Propri\u00e9t\u00e9 intellectuelle :L\u2019ensemble des \u00e9l\u00e9ments pr\u00e9sents sur le site www.ukiritcg.com (textes, images, vid\u00e9os, logo,&#8230;<\/p>\n","protected":false},"author":2,"featured_media":0,"parent":0,"menu_order":0,"comment_status":"closed","ping_status":"closed","template":"","meta":{"_kadence_starter_templates_imported_post":false,"_kad_post_transparent":"","_kad_post_title":"","_kad_post_layout":"","_kad_post_sidebar_id":"","_kad_post_content_style":"","_kad_post_vertical_padding":"","_kad_post_feature":"","_kad_post_feature_position":"","_kad_post_header":false,"_kad_post_footer":false,"footnotes":""},"class_list":["post-954","page","type-page","status-publish","hentry"],"yoast_head":"<!-- This site is optimized with the Yoast SEO plugin v25.1 - https:\/\/yoast.com\/wordpress\/plugins\/seo\/ -->\n<title>Mentions l\u00e9gales - Ukiri<\/title>\n<meta name=\"robots\" content=\"index, follow, max-snippet:-1, max-image-preview:large, max-video-preview:-1\" \/>\n<link rel=\"canonical\" href=\"https:\/\/www.ukiritcg.com\/index.php\/mentions-legales\/\" \/>\n<meta property=\"og:locale\" content=\"en_US\" \/>\n<meta property=\"og:type\" content=\"article\" \/>\n<meta property=\"og:title\" content=\"Mentions l\u00e9gales - Ukiri\" \/>\n<meta property=\"og:description\" content=\"\u00c9diteur du site :UkiriEntreprise individuelle \u2013 Auto-entrepreneurNom : Wail ChabaneSIREN : 934 941 634Adresse : 42150 La Ricamarie, FranceEmail : contact@ukiri-distribution.fr Responsable de la publication :Wail Chabane H\u00e9bergement du site :OVH SAS2 rue Kellermann \u2013 59100 Roubaix \u2013 FranceSite : www.ovh.com Propri\u00e9t\u00e9 intellectuelle :L\u2019ensemble des \u00e9l\u00e9ments pr\u00e9sents sur le site www.ukiritcg.com (textes, images, vid\u00e9os, logo,...\" \/>\n<meta property=\"og:url\" content=\"https:\/\/www.ukiritcg.com\/index.php\/mentions-legales\/\" \/>\n<meta property=\"og:site_name\" content=\"Ukiri\" \/>\n<meta property=\"article:modified_time\" content=\"2025-08-05T12:14:52+00:00\" \/>\n<meta name=\"twitter:card\" content=\"summary_large_image\" \/>\n<meta name=\"twitter:label1\" content=\"Est. reading time\" \/>\n\t<meta name=\"twitter:data1\" content=\"1 minute\" \/>\n<script type=\"application\/ld+json\" class=\"yoast-schema-graph\">{\"@context\":\"https:\/\/schema.org\",\"@graph\":[{\"@type\":\"WebPage\",\"@id\":\"https:\/\/www.ukiritcg.com\/index.php\/mentions-legales\/\",\"url\":\"https:\/\/www.ukiritcg.com\/index.php\/mentions-legales\/\",\"name\":\"Mentions l\u00e9gales - Ukiri\",\"isPartOf\":{\"@id\":\"https:\/\/www.ukiritcg.com\/#website\"},\"datePublished\":\"2025-06-05T14:44:23+00:00\",\"dateModified\":\"2025-08-05T12:14:52+00:00\",\"breadcrumb\":{\"@id\":\"https:\/\/www.ukiritcg.com\/index.php\/mentions-legales\/#breadcrumb\"},\"inLanguage\":\"en-US\",\"potentialAction\":[{\"@type\":\"ReadAction\",\"target\":[\"https:\/\/www.ukiritcg.com\/index.php\/mentions-legales\/\"]}]},{\"@type\":\"BreadcrumbList\",\"@id\":\"https:\/\/www.ukiritcg.com\/index.php\/mentions-legales\/#breadcrumb\",\"itemListElement\":[{\"@type\":\"ListItem\",\"position\":1,\"name\":\"Accueil\",\"item\":\"https:\/\/www.ukiritcg.com\/\"},{\"@type\":\"ListItem\",\"position\":2,\"name\":\"Mentions l\u00e9gales\"}]},{\"@type\":\"WebSite\",\"@id\":\"https:\/\/www.ukiritcg.com\/#website\",\"url\":\"https:\/\/www.ukiritcg.com\/\",\"name\":\"Ukiri\",\"description\":\"Un site utilisant WordPress\",\"publisher\":{\"@id\":\"https:\/\/www.ukiritcg.com\/#organization\"},\"potentialAction\":[{\"@type\":\"SearchAction\",\"target\":{\"@type\":\"EntryPoint\",\"urlTemplate\":\"https:\/\/www.ukiritcg.com\/?s={search_term_string}\"},\"query-input\":{\"@type\":\"PropertyValueSpecification\",\"valueRequired\":true,\"valueName\":\"search_term_string\"}}],\"inLanguage\":\"en-US\"},{\"@type\":\"Organization\",\"@id\":\"https:\/\/www.ukiritcg.com\/#organization\",\"name\":\"Ukiri\",\"url\":\"https:\/\/www.ukiritcg.com\/\",\"logo\":{\"@type\":\"ImageObject\",\"inLanguage\":\"en-US\",\"@id\":\"https:\/\/www.ukiritcg.com\/#\/schema\/logo\/image\/\",\"url\":\"https:\/\/www.ukiritcg.com\/wp-content\/uploads\/2025\/05\/cropped-494356865_4342732035873245_4547235673068364322_n-removebg-preview.png\",\"contentUrl\":\"https:\/\/www.ukiritcg.com\/wp-content\/uploads\/2025\/05\/cropped-494356865_4342732035873245_4547235673068364322_n-removebg-preview.png\",\"width\":499,\"height\":499,\"caption\":\"Ukiri\"},\"image\":{\"@id\":\"https:\/\/www.ukiritcg.com\/#\/schema\/logo\/image\/\"}}]}<\/script>\n<!-- \/ Yoast SEO plugin. -->","yoast_head_json":{"title":"Mentions l\u00e9gales - Ukiri","robots":{"index":"index","follow":"follow","max-snippet":"max-snippet:-1","max-image-preview":"max-image-preview:large","max-video-preview":"max-video-preview:-1"},"canonical":"https:\/\/www.ukiritcg.com\/index.php\/mentions-legales\/","og_locale":"en_US","og_type":"article","og_title":"Mentions l\u00e9gales - Ukiri","og_description":"\u00c9diteur du site :UkiriEntreprise individuelle \u2013 Auto-entrepreneurNom : Wail ChabaneSIREN : 934 941 634Adresse : 42150 La Ricamarie, FranceEmail : contact@ukiri-distribution.fr Responsable de la publication :Wail Chabane H\u00e9bergement du site :OVH SAS2 rue Kellermann \u2013 59100 Roubaix \u2013 FranceSite : www.ovh.com Propri\u00e9t\u00e9 intellectuelle :L\u2019ensemble des \u00e9l\u00e9ments pr\u00e9sents sur le site www.ukiritcg.com (textes, images, vid\u00e9os, logo,...","og_url":"https:\/\/www.ukiritcg.com\/index.php\/mentions-legales\/","og_site_name":"Ukiri","article_modified_time":"2025-08-05T12:14:52+00:00","twitter_card":"summary_large_image","twitter_misc":{"Est. reading time":"1 minute"},"schema":{"@context":"https:\/\/schema.org","@graph":[{"@type":"WebPage","@id":"https:\/\/www.ukiritcg.com\/index.php\/mentions-legales\/","url":"https:\/\/www.ukiritcg.com\/index.php\/mentions-legales\/","name":"Mentions l\u00e9gales - Ukiri","isPartOf":{"@id":"https:\/\/www.ukiritcg.com\/#website"},"datePublished":"2025-06-05T14:44:23+00:00","dateModified":"2025-08-05T12:14:52+00:00","breadcrumb":{"@id":"https:\/\/www.ukiritcg.com\/index.php\/mentions-legales\/#breadcrumb"},"inLanguage":"en-US","potentialAction":[{"@type":"ReadAction","target":["https:\/\/www.ukiritcg.com\/index.php\/mentions-legales\/"]}]},{"@type":"BreadcrumbList","@id":"https:\/\/www.ukiritcg.com\/index.php\/mentions-legales\/#breadcrumb","itemListElement":[{"@type":"ListItem","position":1,"name":"Accueil","item":"https:\/\/www.ukiritcg.com\/"},{"@type":"ListItem","position":2,"name":"Mentions l\u00e9gales"}]},{"@type":"WebSite","@id":"https:\/\/www.ukiritcg.com\/#website","url":"https:\/\/www.ukiritcg.com\/","name":"Ukiri","description":"Un site utilisant WordPress","publisher":{"@id":"https:\/\/www.ukiritcg.com\/#organization"},"potentialAction":[{"@type":"SearchAction","target":{"@type":"EntryPoint","urlTemplate":"https:\/\/www.ukiritcg.com\/?s={search_term_string}"},"query-input":{"@type":"PropertyValueSpecification","valueRequired":true,"valueName":"search_term_string"}}],"inLanguage":"en-US"},{"@type":"Organization","@id":"https:\/\/www.ukiritcg.com\/#organization","name":"Ukiri","url":"https:\/\/www.ukiritcg.com\/","logo":{"@type":"ImageObject","inLanguage":"en-US","@id":"https:\/\/www.ukiritcg.com\/#\/schema\/logo\/image\/","url":"https:\/\/www.ukiritcg.com\/wp-content\/uploads\/2025\/05\/cropped-494356865_4342732035873245_4547235673068364322_n-removebg-preview.png","contentUrl":"https:\/\/www.ukiritcg.com\/wp-content\/uploads\/2025\/05\/cropped-494356865_4342732035873245_4547235673068364322_n-removebg-preview.png","width":499,"height":499,"caption":"Ukiri"},"image":{"@id":"https:\/\/www.ukiritcg.com\/#\/schema\/logo\/image\/"}}]}},"jetpack_sharing_enabled":true,"_links":{"self":[{"href":"https:\/\/www.ukiritcg.com\/index.php\/wp-json\/wp\/v2\/pages\/954","targetHints":{"allow":["GET"]}}],"collection":[{"href":"https:\/\/www.ukiritcg.com\/index.php\/wp-json\/wp\/v2\/pages"}],"about":[{"href":"https:\/\/www.ukiritcg.com\/index.php\/wp-json\/wp\/v2\/types\/page"}],"author":[{"embeddable":true,"href":"https:\/\/www.ukiritcg.com\/index.php\/wp-json\/wp\/v2\/users\/2"}],"replies":[{"embeddable":true,"href":"https:\/\/www.ukiritcg.com\/index.php\/wp-json\/wp\/v2\/comments?post=954"}],"version-history":[{"count":3,"href":"https:\/\/www.ukiritcg.com\/index.php\/wp-json\/wp\/v2\/pages\/954\/revisions"}],"predecessor-version":[{"id":1296,"href":"https:\/\/www.ukiritcg.com\/index.php\/wp-json\/wp\/v2\/pages\/954\/revisions\/1296"}],"wp:attachment":[{"href":"https:\/\/www.ukiritcg.com\/index.php\/wp-json\/wp\/v2\/media?parent=954"}],"curies":[{"name":"wp","href":"https:\/\/api.w.org\/{rel}","templated":true}]}}